{"id":19,"date":"2024-02-06T14:08:36","date_gmt":"2024-02-06T13:08:36","guid":{"rendered":"http:\/\/deine-datenschuetzer.de\/?page_id=19"},"modified":"2024-07-17T09:55:00","modified_gmt":"2024-07-17T07:55:00","slug":"ueber-uns","status":"publish","type":"page","link":"https:\/\/deine-datenschuetzer.de\/index.php\/ueber-uns\/","title":{"rendered":"\u00dcber uns"},"content":{"rendered":"\r\n<h2>Wer sind wir?<\/h2>\r\n<p>Wir analysieren, sch\u00fctzen und zertifizieren Ihre sicherheitsrelevanten Systeme.<\/p>\r\n<p>Als Datenschutzbeauftragte vertreten wir Sie nach au\u00dfen und achten auf die Einhaltung der Standards.<\/p>\r\n<p>Wir analysieren Ihre Prozesse und dokumentieren diese nach den g\u00e4ngigen Standards.<\/p>\r\n<p>Aber wer sind wir eigentlich? &#8222;Wir&#8220; sind ein Team von Datensch\u00fctzern aus Leidenschaft! Wir kommen aus der Wirtschaft, mit Erfahrung in Gesch\u00e4ftsf\u00fchrung und der damit verbundenen Verantwortung (KontraG).<\/p>\r\n<p>Wir alle sind &#8222;pragmatische Pedanten&#8220;. Die Themen sind h\u00e4ufig sehr stringent in Ihrer Umsetzung angedacht. Wir versuchen mit Ihnen einen pragmatischen, rechtssicheren Weg zu finden, der Sie Ihre Arbeit weitermachen l\u00e4sst, aber auch die gesetzlichen Anforderungen erf\u00fcllt.<\/p>\r\n<p>So sind alle zufrieden!<\/p>\r\n<p>&nbsp;<\/p>\r\n","protected":false},"excerpt":{"rendered":"<p>Wer sind wir? Wir analysieren, sch\u00fctzen und zertifizieren Ihre sicherheitsrelevanten Systeme. Als Datenschutzbeauftragte vertreten wir Sie nach au\u00dfen und achten auf die Einhaltung der Standards. Wir analysieren Ihre Prozesse und dokumentieren diese nach den g\u00e4ngigen Standards. Aber wer sind wir eigentlich? &#8222;Wir&#8220; sind ein Team von Datensch\u00fctzern aus Leidenschaft! Wir kommen aus der Wirtschaft, mit &hellip; <\/p>\n<p class=\"link-more\"><a href=\"https:\/\/deine-datenschuetzer.de\/index.php\/ueber-uns\/\" class=\"more-link\"><span class=\"screen-reader-text\">\u201e\u00dcber uns\u201c<\/span> weiterlesen<\/a><\/p>\n","protected":false},"author":1,"featured_media":12,"parent":0,"menu_order":0,"comment_status":"closed","ping_status":"closed","template":"","meta":{"footnotes":""},"class_list":["post-19","page","type-page","status-publish","has-post-thumbnail","hentry"],"_links":{"self":[{"href":"https:\/\/deine-datenschuetzer.de\/index.php\/wp-json\/wp\/v2\/pages\/19","targetHints":{"allow":["GET"]}}],"collection":[{"href":"https:\/\/deine-datenschuetzer.de\/index.php\/wp-json\/wp\/v2\/pages"}],"about":[{"href":"https:\/\/deine-datenschuetzer.de\/index.php\/wp-json\/wp\/v2\/types\/page"}],"author":[{"embeddable":true,"href":"https:\/\/deine-datenschuetzer.de\/index.php\/wp-json\/wp\/v2\/users\/1"}],"replies":[{"embeddable":true,"href":"https:\/\/deine-datenschuetzer.de\/index.php\/wp-json\/wp\/v2\/comments?post=19"}],"version-history":[{"count":10,"href":"https:\/\/deine-datenschuetzer.de\/index.php\/wp-json\/wp\/v2\/pages\/19\/revisions"}],"predecessor-version":[{"id":238,"href":"https:\/\/deine-datenschuetzer.de\/index.php\/wp-json\/wp\/v2\/pages\/19\/revisions\/238"}],"wp:featuredmedia":[{"embeddable":true,"href":"https:\/\/deine-datenschuetzer.de\/index.php\/wp-json\/wp\/v2\/media\/12"}],"wp:attachment":[{"href":"https:\/\/deine-datenschuetzer.de\/index.php\/wp-json\/wp\/v2\/media?parent=19"}],"curies":[{"name":"wp","href":"https:\/\/api.w.org\/{rel}","templated":true}]}}